[INFO] cloning repository https://github.com/Perlmint/ramgee-kkd
[INFO] running `Command { std: "git" "-c" "credential.helper=" "-c" "credential.helper=/workspace/cargo-home/bin/git-credential-null" "clone" "--bare" "https://github.com/Perlmint/ramgee-kkd" "/workspace/cache/git-repos/https%3A%2F%2Fgithub.com%2FPerlmint%2Framgee-kkd", kill_on_drop: false }`
[INFO] [stderr] Cloning into bare repository '/workspace/cache/git-repos/https%3A%2F%2Fgithub.com%2FPerlmint%2Framgee-kkd'...
[INFO] running `Command { std: "git" "rev-parse" "HEAD", kill_on_drop: false }`
[INFO] [stdout] cb7df8f97e22a9056993515301d370da3734f25b
[INFO] checking Perlmint/ramgee-kkd against master#9610dfe5a9a731ced1ea4923ecbd0c57fe367898 for beta-170-4
[INFO] running `Command { std: "git" "clone" "/workspace/cache/git-repos/https%3A%2F%2Fgithub.com%2FPerlmint%2Framgee-kkd" "/workspace/builds/worker-4-tc1/source", kill_on_drop: false }`
[INFO] [stderr] Cloning into '/workspace/builds/worker-4-tc1/source'...
[INFO] [stderr] done.
[INFO] validating manifest of git repo https://github.com/Perlmint/ramgee-kkd on toolchain 9610dfe5a9a731ced1ea4923ecbd0c57fe367898
[INFO] running `Command { std: CARGO_HOME="/workspace/cargo-home" RUSTUP_HOME="/workspace/rustup-home" "/workspace/cargo-home/bin/cargo" "+9610dfe5a9a731ced1ea4923ecbd0c57fe367898" "metadata" "--manifest-path" "Cargo.toml" "--no-deps", kill_on_drop: false }`
[INFO] started tweaking git repo https://github.com/Perlmint/ramgee-kkd
[INFO] finished tweaking git repo https://github.com/Perlmint/ramgee-kkd
[INFO] tweaked toml for git repo https://github.com/Perlmint/ramgee-kkd written to /workspace/builds/worker-4-tc1/source/Cargo.toml
[INFO] crate git repo https://github.com/Perlmint/ramgee-kkd already has a lockfile, it will not be regenerated
[INFO] running `Command { std: CARGO_HOME="/workspace/cargo-home" RUSTUP_HOME="/workspace/rustup-home" "/workspace/cargo-home/bin/cargo" "+9610dfe5a9a731ced1ea4923ecbd0c57fe367898" "fetch" "--manifest-path" "Cargo.toml", kill_on_drop: false }`
[INFO] [stderr]     Updating crates.io index
[INFO] [stderr]  Downloading crates ...
[INFO] [stderr]   Downloaded sqlx-rt v0.3.0
[INFO] [stderr]   Downloaded sqlx-macros v0.5.1
[INFO] [stderr]   Downloaded sqlx v0.5.1
[INFO] [stderr]   Downloaded anyhow v1.0.39
[INFO] [stderr]   Downloaded sqlx-core v0.5.1
[INFO] [stderr]   Downloaded clokwerk v0.3.4
[INFO] [stderr]   Downloaded derive_more v0.99.13
[INFO] running `Command { std: "docker" "create" "-v" "/var/lib/crater-agent-workspace/builds/worker-4-tc1/target:/opt/rustwide/target:rw,Z" "-v" "/var/lib/crater-agent-workspace/builds/worker-4-tc1/source:/opt/rustwide/workdir:ro,Z" "-v" "/var/lib/crater-agent-workspace/cargo-home:/opt/rustwide/cargo-home:ro,Z" "-v" "/var/lib/crater-agent-workspace/rustup-home:/opt/rustwide/rustup-home:ro,Z" "-e" "SOURCE_DIR=/opt/rustwide/workdir" "-e" "CARGO_TARGET_DIR=/opt/rustwide/target" "-e" "CARGO_HOME=/opt/rustwide/cargo-home" "-e" "RUSTUP_HOME=/opt/rustwide/rustup-home" "-w" "/opt/rustwide/workdir" "-m" "1610612736" "--user" "0:0" "--network" "none" "ghcr.io/rust-lang/crates-build-env/linux@sha256:19e73879b68f455e41552ea35293514db52ea292d993f571636dbffedb77a1ee" "/opt/rustwide/cargo-home/bin/cargo" "+9610dfe5a9a731ced1ea4923ecbd0c57fe367898" "metadata" "--no-deps" "--format-version=1", kill_on_drop: false }`
[INFO] [stdout] d2e731ddbfc3f6de3036cc155d74d3fe3643b02187f6cccbd58ec2014ae373f6
[INFO] running `Command { std: "docker" "start" "-a" "d2e731ddbfc3f6de3036cc155d74d3fe3643b02187f6cccbd58ec2014ae373f6", kill_on_drop: false }`
[INFO] running `Command { std: "docker" "inspect" "d2e731ddbfc3f6de3036cc155d74d3fe3643b02187f6cccbd58ec2014ae373f6", kill_on_drop: false }`
[INFO] running `Command { std: "docker" "rm" "-f" "d2e731ddbfc3f6de3036cc155d74d3fe3643b02187f6cccbd58ec2014ae373f6", kill_on_drop: false }`
[INFO] [stdout] d2e731ddbfc3f6de3036cc155d74d3fe3643b02187f6cccbd58ec2014ae373f6
[INFO] running `Command { std: "docker" "create" "-v" "/var/lib/crater-agent-workspace/builds/worker-4-tc1/target:/opt/rustwide/target:rw,Z" "-v" "/var/lib/crater-agent-workspace/builds/worker-4-tc1/source:/opt/rustwide/workdir:ro,Z" "-v" "/var/lib/crater-agent-workspace/cargo-home:/opt/rustwide/cargo-home:ro,Z" "-v" "/var/lib/crater-agent-workspace/rustup-home:/opt/rustwide/rustup-home:ro,Z" "-e" "SOURCE_DIR=/opt/rustwide/workdir" "-e" "CARGO_TARGET_DIR=/opt/rustwide/target" "-e" "CARGO_INCREMENTAL=0" "-e" "RUST_BACKTRACE=full" "-e" "RUSTFLAGS=--cap-lints=forbid" "-e" "RUSTDOCFLAGS=--cap-lints=forbid" "-e" "CARGO_HOME=/opt/rustwide/cargo-home" "-e" "RUSTUP_HOME=/opt/rustwide/rustup-home" "-w" "/opt/rustwide/workdir" "-m" "1610612736" "--user" "0:0" "--network" "none" "ghcr.io/rust-lang/crates-build-env/linux@sha256:19e73879b68f455e41552ea35293514db52ea292d993f571636dbffedb77a1ee" "/opt/rustwide/cargo-home/bin/cargo" "+9610dfe5a9a731ced1ea4923ecbd0c57fe367898" "check" "--frozen" "--all" "--all-targets" "--message-format=json", kill_on_drop: false }`
[INFO] [stdout] b3c489e425a07470ef79dd25dcbb6ff279a65aeebdb3a6a097f49a5a61f9cea0
[INFO] running `Command { std: "docker" "start" "-a" "b3c489e425a07470ef79dd25dcbb6ff279a65aeebdb3a6a097f49a5a61f9cea0", kill_on_drop: false }`
[INFO] [stderr]    Compiling libc v0.2.90
[INFO] [stderr]    Compiling proc-macro2 v1.0.24
[INFO] [stderr]    Compiling unicode-xid v0.2.1
[INFO] [stderr]    Compiling syn v1.0.64
[INFO] [stderr]    Compiling cc v1.0.67
[INFO] [stderr]    Compiling getrandom v0.1.16
[INFO] [stderr]    Compiling proc-macro-hack v0.5.19
[INFO] [stderr]    Compiling tokio v1.4.0
[INFO] [stderr]    Compiling typenum v1.13.0
[INFO] [stderr]    Compiling proc-macro-nested v0.1.7
[INFO] [stderr]     Checking pin-project-lite v0.2.6
[INFO] [stderr]    Compiling generic-array v0.14.4
[INFO] [stderr]    Compiling serde_derive v1.0.124
[INFO] [stderr]    Compiling ppv-lite86 v0.2.10
[INFO] [stderr]    Compiling serde v1.0.124
[INFO] [stderr]    Compiling quote v1.0.9
[INFO] [stderr]     Checking once_cell v1.7.2
[INFO] [stderr]    Compiling siphasher v0.3.5
[INFO] [stderr]    Compiling memchr v2.3.4
[INFO] [stderr]    Compiling ring v0.16.20
[INFO] [stderr]    Compiling rand_core v0.5.1
[INFO] [stderr]     Checking spin v0.5.2
[INFO] [stderr]    Compiling phf_shared v0.8.0
[INFO] [stderr]     Checking futures-core v0.3.13
[INFO] [stderr]     Checking untrusted v0.7.1
[INFO] [stderr]    Compiling rand_pcg v0.2.1
[INFO] [stderr]    Compiling rand_chacha v0.2.2
[INFO] [stderr]     Checking num_cpus v1.13.0
[INFO] [stderr]     Checking mio v0.7.10
[INFO] [stderr]    Compiling num-traits v0.2.14
[INFO] [stderr]     Checking futures-sink v0.3.13
[INFO] [stderr]    Compiling radium v0.5.3
[INFO] [stderr]    Compiling ryu v1.0.5
[INFO] [stderr]     Checking futures-channel v0.3.13
[INFO] [stderr]    Compiling rand v0.7.3
[INFO] [stderr]    Compiling crossbeam-utils v0.8.3
[INFO] [stderr]     Checking futures-task v0.3.13
[INFO] [stderr]    Compiling lexical-core v0.7.5
[INFO] [stderr]     Checking tinyvec_macros v0.1.0
[INFO] [stderr]     Checking futures-io v0.3.13
[INFO] [stderr]     Checking tinyvec v1.1.1
[INFO] [stderr]     Checking ahash v0.4.7
[INFO] [stderr]    Compiling nom v6.1.2
[INFO] [stderr]    Compiling itoa v0.4.7
[INFO] [stderr]     Checking hashbrown v0.9.1
[INFO] [stderr]     Checking base64 v0.13.0
[INFO] [stderr]    Compiling getrandom v0.2.2
[INFO] [stderr]    Compiling phf_generator v0.8.0
[INFO] [stderr]    Compiling phf_codegen v0.8.0
[INFO] [stderr]     Checking unicode-normalization v0.1.17
[INFO] [stderr]     Checking http v0.2.3
[INFO] [stderr]     Checking form_urlencoded v1.0.1
[INFO] [stderr]    Compiling unicase v2.6.0
[INFO] [stderr]    Compiling httparse v1.3.5
[INFO] [stderr]    Compiling build_const v0.2.1
[INFO] [stderr]    Compiling libsqlite3-sys v0.20.1
[INFO] [stderr]    Compiling crc v1.8.1
[INFO] [stderr]     Checking digest v0.9.0
[INFO] [stderr]     Checking block-buffer v0.9.0
[INFO] [stderr]     Checking idna v0.2.2
[INFO] [stderr]    Compiling ahash v0.6.3
[INFO] [stderr]    Compiling indexmap v1.6.2
[INFO] [stderr]     Checking smallvec v1.6.1
[INFO] [stderr]    Compiling bytes v1.0.1
[INFO] [stderr]     Checking opaque-debug v0.3.0
[INFO] [stderr]    Compiling whoami v1.1.1
[INFO] [stderr]     Checking utf-8 v0.7.5
[INFO] [stderr]     Checking cpuid-bool v0.1.2
[INFO] [stderr]     Checking url v2.2.1
[INFO] [stderr]    Compiling bitflags v1.2.1
[INFO] [stderr]     Checking tracing-core v0.1.17
[INFO] [stderr]    Compiling wyz v0.2.0
[INFO] [stderr]    Compiling funty v1.1.0
[INFO] [stderr]     Checking webpki v0.21.4
[INFO] [stderr]     Checking sct v0.6.0
[INFO] [stderr]    Compiling tap v1.0.1
[INFO] [stderr]     Checking rustls v0.19.0
[INFO] [stderr]     Checking new_debug_unreachable v1.0.4
[INFO] [stderr]    Compiling arrayvec v0.5.2
[INFO] [stderr]    Compiling static_assertions v1.1.0
[INFO] [stderr]     Checking encoding_index_tests v0.1.4
[INFO] [stderr]    Compiling bitvec v0.19.5
[INFO] [stderr]    Compiling string_cache_codegen v0.5.1
[INFO] [stderr]    Compiling aho-corasick v0.7.15
[INFO] [stderr]    Compiling num-integer v0.1.44
[INFO] [stderr]    Compiling instant v0.1.9
[INFO] [stderr]    Compiling scopeguard v1.1.0
[INFO] [stderr]    Compiling percent-encoding v2.1.0
[INFO] [stderr]     Checking precomputed-hash v0.1.1
[INFO] [stderr]    Compiling regex-syntax v0.6.23
[INFO] [stderr]     Checking mac v0.1.1
[INFO] [stderr]     Checking futf v0.1.4
[INFO] [stderr]    Compiling parking_lot_core v0.8.3
[INFO] [stderr]    Compiling tokio-macros v1.1.0
[INFO] [stderr]    Compiling futures-macro v0.3.13
[INFO] [stderr]     Checking futures-util v0.3.13
[INFO] [stderr]    Compiling pin-project-internal v1.0.5
[INFO] [stderr]    Compiling phf_macros v0.8.0
[INFO] [stderr]    Compiling tracing-attributes v0.1.15
[INFO] [stderr]    Compiling thiserror-impl v1.0.24
[INFO] [stderr]     Checking tokio-rustls v0.22.0
[INFO] [stderr]     Checking tokio-util v0.6.5
[INFO] [stderr]     Checking phf v0.8.0
[INFO] [stderr]     Checking tracing v0.1.25
[INFO] [stderr]     Checking pin-project v1.0.5
[INFO] [stderr]    Compiling regex v1.4.5
[INFO] [stderr]    Compiling cssparser v0.27.2
[INFO] [stderr]     Checking h2 v0.3.1
[INFO] [stderr]    Compiling lock_api v0.4.2
[INFO] [stderr]    Compiling mime_guess v2.0.3
[INFO] [stderr]     Checking webpki-roots v0.21.0
[INFO] [stderr]     Checking http-body v0.4.1
[INFO] [stderr]     Checking socket2 v0.3.19
[INFO] [stderr]    Compiling miniz_oxide v0.4.4
[INFO] [stderr]    Compiling unicode_categories v0.1.1
[INFO] [stderr]    Compiling maplit v1.0.2
[INFO] [stderr]     Checking dtoa v0.4.7
[INFO] [stderr]    Compiling encoding_rs v0.8.28
[INFO] [stderr]     Checking hyper v0.14.4
[INFO] [stderr]     Checking dtoa-short v0.3.3
[INFO] [stderr]    Compiling sqlformat v0.1.6
[INFO] [stderr]    Compiling sha2 v0.9.3
[INFO] [stderr]     Checking input_buffer v0.3.1
[INFO] [stderr]    Compiling atoi v0.4.0
[INFO] [stderr]    Compiling futures-executor v0.3.13
[INFO] [stderr]    Compiling sqlx-rt v0.3.0
[INFO] [stderr]    Compiling tokio-stream v0.1.5
[INFO] [stderr]    Compiling thiserror v1.0.24
[INFO] [stderr]    Compiling parking_lot v0.11.1
[INFO] [stderr]    Compiling html5ever v0.25.1
[INFO] [stderr]    Compiling cssparser-macros v0.6.0
[INFO] [stderr]    Compiling hashlink v0.6.0
[INFO] [stderr]     Checking tendril v0.4.2
[INFO] [stderr]    Compiling crossbeam-channel v0.5.0
[INFO] [stderr]    Compiling crossbeam-queue v0.3.1
[INFO] [stderr]    Compiling stringprep v0.1.2
[INFO] [stderr]     Checking sha-1 v0.9.4
[INFO] [stderr]     Checking string_cache v0.8.1
[INFO] [stderr]    Compiling selectors v0.22.0
[INFO] [stderr]     Checking time v0.1.43
[INFO] [stderr]    Compiling unicode-segmentation v1.7.1
[INFO] [stderr]    Compiling either v1.6.1
[INFO] [stderr]    Compiling byteorder v1.4.3
[INFO] [stderr]     Checking stable_deref_trait v1.2.0
[INFO] [stderr]     Checking mime v0.3.16
[INFO] [stderr]    Compiling hex v0.4.3
[INFO] [stderr]     Checking nodrop v0.1.14
[INFO] [stderr]     Checking base64 v0.12.3
[INFO] [stderr]    Compiling async-trait v0.1.48
[INFO] [stderr]    Compiling derive_more v0.99.13
[INFO] [stderr]    Compiling sqlx-core v0.5.1
[INFO] [stderr]    Compiling serde_json v1.0.64
[INFO] [stderr]     Checking tungstenite v0.11.1
[INFO] [stderr]     Checking servo_arc v0.1.1
[INFO] [stderr]    Compiling heck v0.3.2
[INFO] [stderr]     Checking chrono v0.4.19
[INFO] [stderr]     Checking serde_urlencoded v0.7.0
[INFO] [stderr]     Checking hyper-rustls v0.22.1
[INFO] [stderr]    Compiling markup5ever v0.10.0
[INFO] [stderr]    Compiling futures v0.3.13
[INFO] [stderr]     Checking webpki-roots v0.20.0
[INFO] [stderr]     Checking fxhash v0.2.1
[INFO] [stderr]     Checking thin-slice v0.1.1
[INFO] [stderr]    Compiling dotenv v0.15.0
[INFO] [stderr]     Checking ipnet v2.3.0
[INFO] [stderr]    Compiling anyhow v1.0.39
[INFO] [stderr]    Compiling serenity v0.10.4
[INFO] [stderr]     Checking getopts v0.2.21
[INFO] [stderr]     Checking async-tungstenite v0.11.0
[INFO] [stderr]     Checking reqwest v0.11.2
[INFO] [stderr]     Checking flate2 v1.0.20
[INFO] [stderr]     Checking encoding-index-tradchinese v1.20141219.5
[INFO] [stderr]     Checking encoding-index-simpchinese v1.20141219.5
[INFO] [stderr]     Checking encoding-index-korean v1.20141219.5
[INFO] [stderr]     Checking encoding-index-japanese v1.20141219.5
[INFO] [stderr]     Checking encoding-index-singlebyte v1.20141219.5
[INFO] [stderr]     Checking ego-tree v0.6.2
[INFO] [stderr]     Checking typemap_rev v0.1.4
[INFO] [stderr]     Checking encoding v0.2.33
[INFO] [stderr]     Checking clokwerk v0.3.4
[INFO] [stderr]     Checking itertools v0.10.0
[INFO] [stderr]    Compiling sqlx-macros v0.5.1
[INFO] [stderr]     Checking scraper v0.12.0
[INFO] [stderr]     Checking sqlx v0.5.1
[INFO] [stderr]     Checking ramgee-bot v0.1.0 (/opt/rustwide/workdir)
[INFO] [stdout] error: error returned from database: unable to open database file
[INFO] [stdout]   --> src/main.rs:71:35
[INFO] [stdout]    |
[INFO] [stdout] 71 |                     let last_id = sqlx::query!("SELECT id FROM last_id")
[INFO] [stdout]    |                                   ^^^^^^^^^^^^^^^^^^^^^^^^^^^^^^^^^^^^^^
[INFO] [stdout]    |
[INFO] [stdout]    = note: this error originates in the macro `$crate::sqlx_macros::expand_query` which comes from the expansion of the macro `sqlx::query` (in Nightly builds, run with -Z macro-backtrace for more info)
[INFO] [stdout] 
[INFO] [stdout] 
[INFO] [stdout] error: error returned from database: unable to open database file
[INFO] [stdout]    --> src/main.rs:97:21
[INFO] [stdout]     |
[INFO] [stdout] 97  | /                     sqlx::query!(
[INFO] [stdout] 98  | |                         "INSERT OR REPLACE INTO last_id (pk, id) VALUES (?, ?)",
[INFO] [stdout] 99  | |                         0,
[INFO] [stdout] 100 | |                         last_id
[INFO] [stdout] 101 | |                     )
[INFO] [stdout]     | |_____________________^
[INFO] [stdout]     |
[INFO] [stdout]     = note: this error originates in the macro `$crate::sqlx_macros::expand_query` which comes from the expansion of the macro `sqlx::query` (in Nightly builds, run with -Z macro-backtrace for more info)
[INFO] [stdout] 
[INFO] [stdout] 
[INFO] [stdout] warning: unused import: `http::Http`
[INFO] [stdout]  --> src/main.rs:5:5
[INFO] [stdout]   |
[INFO] [stdout] 5 |     http::Http,
[INFO] [stdout]   |     ^^^^^^^^^^
[INFO] [stdout]   |
[INFO] [stdout]   = note: `#[warn(unused_imports)]` on by default
[INFO] [stdout] 
[INFO] [stdout] 
[INFO] [stdout] error: error returned from database: unable to open database file
[INFO] [stdout]   --> src/main.rs:71:35
[INFO] [stdout]    |
[INFO] [stdout] 71 |                     let last_id = sqlx::query!("SELECT id FROM last_id")
[INFO] [stdout]    |                                   ^^^^^^^^^^^^^^^^^^^^^^^^^^^^^^^^^^^^^^
[INFO] [stdout]    |
[INFO] [stdout]    = note: this error originates in the macro `$crate::sqlx_macros::expand_query` which comes from the expansion of the macro `sqlx::query` (in Nightly builds, run with -Z macro-backtrace for more info)
[INFO] [stdout] 
[INFO] [stdout] 
[INFO] [stdout] error: error returned from database: unable to open database file
[INFO] [stdout]    --> src/main.rs:97:21
[INFO] [stdout]     |
[INFO] [stdout] 97  | /                     sqlx::query!(
[INFO] [stdout] 98  | |                         "INSERT OR REPLACE INTO last_id (pk, id) VALUES (?, ?)",
[INFO] [stdout] 99  | |                         0,
[INFO] [stdout] 100 | |                         last_id
[INFO] [stdout] 101 | |                     )
[INFO] [stdout]     | |_____________________^
[INFO] [stdout]     |
[INFO] [stdout]     = note: this error originates in the macro `$crate::sqlx_macros::expand_query` which comes from the expansion of the macro `sqlx::query` (in Nightly builds, run with -Z macro-backtrace for more info)
[INFO] [stdout] 
[INFO] [stdout] 
[INFO] [stdout] warning: unused import: `http::Http`
[INFO] [stdout]  --> src/main.rs:5:5
[INFO] [stdout]   |
[INFO] [stdout] 5 |     http::Http,
[INFO] [stdout]   |     ^^^^^^^^^^
[INFO] [stdout]   |
[INFO] [stdout]   = note: `#[warn(unused_imports)]` on by default
[INFO] [stdout] 
[INFO] [stdout] 
[INFO] [stdout] error: aborting due to 2 previous errors; 1 warning emitted
[INFO] [stdout] 
[INFO] [stdout] 
[INFO] [stderr] error: could not compile `ramgee-bot` (bin "ramgee-bot" test) due to 3 previous errors; 1 warning emitted
[INFO] [stderr] warning: build failed, waiting for other jobs to finish...
[INFO] [stdout] error: aborting due to 2 previous errors; 1 warning emitted
[INFO] [stdout] 
[INFO] [stdout] 
[INFO] [stderr] error: could not compile `ramgee-bot` (bin "ramgee-bot") due to 3 previous errors; 1 warning emitted
[INFO] running `Command { std: "docker" "inspect" "b3c489e425a07470ef79dd25dcbb6ff279a65aeebdb3a6a097f49a5a61f9cea0", kill_on_drop: false }`
[INFO] running `Command { std: "docker" "rm" "-f" "b3c489e425a07470ef79dd25dcbb6ff279a65aeebdb3a6a097f49a5a61f9cea0", kill_on_drop: false }`
[INFO] [stdout] b3c489e425a07470ef79dd25dcbb6ff279a65aeebdb3a6a097f49a5a61f9cea0
